{"id":16,"date":"2026-03-17T03:07:13","date_gmt":"2026-03-17T02:07:13","guid":{"rendered":"https:\/\/kirstencafe.com\/?post_type=product&#038;p=16"},"modified":"2026-04-01T04:03:33","modified_gmt":"2026-04-01T02:03:33","slug":"premium-selection","status":"publish","type":"product","link":"https:\/\/kirstencafe.com\/?product=premium-selection","title":{"rendered":"Kirsten Caf\u00e9 Premium Selection"},"content":{"rendered":"<p data-start=\"544\" data-end=\"743\">Un caf\u00e9 elegante y vers\u00e1til, cultivado bajo sombra en las monta\u00f1as de Eb\u00e9jico, Antioquia. Procesado en Beneficio Semi-lavado y secado en Marquesina. Su perfil balanceado lo convierte en la elecci\u00f3n perfecta para quienes buscan calidad constante en cada taza.<\/p>\n<p data-start=\"745\" data-end=\"854\"><strong data-start=\"745\" data-end=\"767\">Notas sensoriales:<\/strong><br data-start=\"767\" data-end=\"770\" \/>Chocolate oscuro, frutos rojos y ca\u00f1a de azucar, con acidez baja y cuerpo medio.<\/p>\n<p data-start=\"856\" data-end=\"988\"><strong data-start=\"856\" data-end=\"878\">Perfil de consumo:<\/strong><br data-start=\"878\" data-end=\"881\" \/>Ideal para consumo diario, perfecto para quienes disfrutan un caf\u00e9 equilibrado, arom\u00e1tico y f\u00e1cil de tomar.<\/p>\n<p data-start=\"990\" data-end=\"1066\"><strong data-start=\"990\" data-end=\"1015\">M\u00e9todos recomendados:<\/strong><br data-start=\"1015\" data-end=\"1018\" \/>Prensa francesa, V60, Chemex, Cafetera de goteo, Maquina espresso.<\/p>\n<p data-start=\"1068\" data-end=\"1157\"><strong data-start=\"1068\" data-end=\"1108\">Preparaci\u00f3n (cantidad de caf\u00e9\/agua):<\/strong><br data-start=\"1108\" data-end=\"1111\" \/>Relaci\u00f3n 1:14 (20g de caf\u00e9 por 280ml de agua).<\/p>\n<p data-start=\"1159\" data-end=\"1186\"><strong data-start=\"1159\" data-end=\"1171\">Gramaje: <\/strong><\/p>\n<p data-start=\"1159\" data-end=\"1186\">454g \/ 2500g.<\/p>\n<p data-start=\"1188\" data-end=\"1232\"><strong data-start=\"1188\" data-end=\"1210\">Altura de cultivo:<\/strong><br data-start=\"1210\" data-end=\"1213\" \/><span style=\"font-weight: 400;\">1450-1550mnm.<\/span><\/p>\n<p data-start=\"1234\" data-end=\"1285\"><strong data-start=\"1234\" data-end=\"1256\">Variedad:<br \/>\n<\/strong>100% Ar\u00e1bigo &#8211; Colombiano.<\/p>\n<p><span style=\"font-weight: 400;\"> <strong data-start=\"1234\" data-end=\"1256\">Tueste:<br \/>\n<\/strong>Medio<\/span><\/p>\n","protected":false},"excerpt":{"rendered":"<p><span style=\"font-weight: 400;\">Caf\u00e9 de especialidad suave y equilibrado con notas a chocolate oscuro y frutos rojos, ideal para disfrutar todos los d\u00edas.<\/span><\/p>\n<p><span style=\"font-weight: 400;\">Caf\u00e9 procesado fermentado &#8211; lavado<br \/>\n<\/span><\/p>\n<p><span style=\"font-weight: 400;\">Tueste: Medio<\/span><\/p>\n","protected":false},"featured_media":36,"comment_status":"open","ping_status":"closed","template":"","meta":[],"product_brand":[],"product_cat":[16],"product_tag":[],"class_list":{"0":"post-16","1":"product","2":"type-product","3":"status-publish","4":"has-post-thumbnail","6":"product_cat-cafe","8":"first","9":"instock","10":"shipping-taxable","11":"purchasable","12":"product-type-variable"},"_links":{"self":[{"href":"https:\/\/kirstencafe.com\/index.php?rest_route=\/wp\/v2\/product\/16","targetHints":{"allow":["GET"]}}],"collection":[{"href":"https:\/\/kirstencafe.com\/index.php?rest_route=\/wp\/v2\/product"}],"about":[{"href":"https:\/\/kirstencafe.com\/index.php?rest_route=\/wp\/v2\/types\/product"}],"replies":[{"embeddable":true,"href":"https:\/\/kirstencafe.com\/index.php?rest_route=%2Fwp%2Fv2%2Fcomments&post=16"}],"wp:featuredmedia":[{"embeddable":true,"href":"https:\/\/kirstencafe.com\/index.php?rest_route=\/wp\/v2\/media\/36"}],"wp:attachment":[{"href":"https:\/\/kirstencafe.com\/index.php?rest_route=%2Fwp%2Fv2%2Fmedia&parent=16"}],"wp:term":[{"taxonomy":"product_brand","embeddable":true,"href":"https:\/\/kirstencafe.com\/index.php?rest_route=%2Fwp%2Fv2%2Fproduct_brand&post=16"},{"taxonomy":"product_cat","embeddable":true,"href":"https:\/\/kirstencafe.com\/index.php?rest_route=%2Fwp%2Fv2%2Fproduct_cat&post=16"},{"taxonomy":"product_tag","embeddable":true,"href":"https:\/\/kirstencafe.com\/index.php?rest_route=%2Fwp%2Fv2%2Fproduct_tag&post=16"}],"curies":[{"name":"wp","href":"https:\/\/api.w.org\/{rel}","templated":true}]}}